679834?
9
What is the ten thousands digit of 2116364?
1
What is the units digit of 949117?
7
What is the ten millions digit of 23992420?
2
What is the millions digit of 9259627?
9
What is the units digit of 215658?
8
What is the hundreds digit of 585926?
9
What is the ten thousands digit of 16242?
1
What is the tens digit of 222668?
6
What is the tens digit of 3061376?
7
What is the thousands digit of 22777464?
7
What is the hundred thousands digit of 5379723?
3
What is the hundred thousands digit of 1395447?
3
What is the thousands digit of 217997?
7
What is the thousands digit of 3708581?
8
What is the units digit of 2079089?
9
What is the units digit of 15858?
8
What is the hundreds digit of 31980264?
2
What is the hundreds digit of 136614?
6
What is the tens digit of 148135?
3
What is the ten thousands digit of 102867?
0
What is the thousands digit of 10219224?
9
What is the thousands digit of 127398?
7
What is the tens digit of 1497060?
6
What is the hundreds digit of 201979?
9
What is the millions digit of 1823606?
1
What is the ten thousands digit of 3000141?
0
What is the ten thousands digit of 81738?
8
What is the ten thousands digit of 1302401?
0
What is the ten thousands digit of 1028396?
2
What is the thousands digit of 1373637?
3
What is the units digit of 16346739?
9
What is the tens digit of 9131?
3
What is the millions digit of 2159603?
2
What is the hundreds digit of 56970?
9
What is the hundreds digit of 295190?
1
What is the units digit of 216662?
2
What is the tens digit of 391533?
3
What is the tens digit of 210346?
4
What is the ten thousands digit of 386995?
8
What is the millions digit of 2826498?
2
What is the hundreds digit of 789136?
1
What is the ten thousands digit of 5045778?
4
What is the hundreds digit of 8017?
0
What is the units digit of 1116314?
4
What is the hundred thousands digit of 5188750?
1
What is the tens digit of 2914411?
1
What is the tens digit of 287872?
7
What is the units digit of 1414669?
9
What is the thousands digit of 631291?
1
What is the ten thousands digit of 4195901?
9
What is the tens digit of 17638110?
1
What is the hundred thousands digit of 17186484?
1
What is the hundreds digit of 5838228?
2
What is the hundred thousands digit of 293526?
2
What is the ten thousands digit of 2564735?
6
What is the tens digit of 262551?
5
What is the ten thousands digit of 657827?
5
What is the tens digit of 2622644?
4
What is the hundreds digit of 5260198?
1
What is the thousands digit of 79793?
9
What is the units digit of 1855045?
5
What is the units digit of 2533270?
0
What is the thousands digit of 1060312?
0
What is the thousands digit of 411072?
1
What is the tens digit of 708591?
9
What is the units digit of 283863?
3
What is the units digit of 495946?
6
What is the hundred thousands digit of 734650?
7
What is the hundreds digit of 24795820?
8
What is the hundred thousands digit of 6107139?
1
What is the hundred thousands digit of 295216?
2
What is the ten thousands digit of 1630578?
3
What is the units digit of 57072?
2
What is the tens digit of 16165721?
2
What is the ten thousands digit of 656158?
5
What is the units digit of 457243?
3
What is the thousands digit of 41620062?
0
What is the thousands digit of 42203?
2
What is the hundred thousands digit of 121518?
1
What is the tens digit of 4860209?
0
What is the tens digit of 7879185?
8
What is the thousands digit of 801637?
1
What is the tens digit of 18870111?
1
What is the thousands digit of 615956?
5
What is the ten thousands digit of 6634383?
3
What is the units digit of 47103?
3
What is the hundreds digit of 702716?
7
What is the ten millions digit of 22078513?
2
What is the hundred thousands digit of 2345489?
3
What is the thousands digit of 662420?
2
What is the thousands digit of 873448?
3
What is the units digit of 4867224?
4
What is the tens digit of 11079202?
0
What is the hundreds digit of 9184299?
2
What is the millions digit of 8695811?
8
What is the tens digit of 45309?
0
What is the ten millions digit of 26556976?
2
What is the ten thousands digit of 43373?
4
What is the thousands digit of 1682802?
2
What is the ten thousands digit of 586021?
8
What is the tens digit of 61878?
7
What is the hundred thousands digit of 167958?
1
What is the millions digit of 35623631?
5
What is the ten thousands digit of 6647501?
4
What is the thousands digit of 193697?
3
What is the ten thousands digit of 1192489?
9
What is the thousands digit of 14410580?
0
What is the hundreds digit of 801029?
0
What is the units digit of 245376?
6
What is the hundred thousands digit of 798526?
7
What is the thousands digit of 17672357?
2
What is the units digit of 29027915?
5
What is the hundred thousands digit of 8928307?
9
What is the tens digit of 9568839?
3
What is the millions digit of 1719210?
1
What is the hundreds digit of 19595?
5
What is the hundred thousands digit of 10955908?
9
What is the hundreds digit of 572416?
4
What is the tens digit of 263131?
3
What is the units digit of 334045?
5
What is the hundred thousands digit of 5292017?
2
What is the tens digit of 1850576?
7
What is the ten thousands digit of 620530?
2
What is the hundred thousands digit of 33644218?
6
What is the millions digit of 1530220?
1
What is the thousands digit of 533333?
3
What is the hundreds digit of 10368532?
5
What is the ten millions digit of 23082595?
2
What is the ten thousands digit of 308202?
0
What is the thousands digit of 2391508?
1
What is the thousands digit of 71364?
1
What is the tens digit of 729439?
3
What is the hundreds digit of 5051426?
4
What is the hundred thousands digit of 684075?
6
What is the units digit of 12884993?
3
What is the thousands digit of 22614290?
4
What is the units digit of 3732246?
6
What is the hundreds digit of 611604?
6
What is the tens digit of 228960?
6
What is the hundred thousands digit of 144617?
1
What is the ten thousands digit of 68497?
6
What is the hundred thousands digit of 189674?
1
What is the tens digit of 1544864?
6
What is the hundreds digit of 87253?
2
What is the thousands digit of 7016086?
6
What is the hundreds digit of 34457493?
4
What is the thousands digit of 828371?
8
What is the hundred thousands digit of 1024716?
0
What is the hundred thousands digit of 3193432?
1
What is the thousands digit of 19184533?
4
What is the hundreds digit of 9577365?
3
What is the tens digit of 2618377?
7
What is the units digit of 9592538?
8
What is the tens digit of 769409?
0
What is the ten thousands digit of 841206?
4
What is the units digit of 183965?
5
What is the tens digit of 206074?
7
What is the thousands digit of 23082?
3
What is the hundred thousands digit of 718678?
7
What is the thousands digit of 5335770?
5
What is the ten thousands digit of 1495001?
9
What is the hundred thousands digit of 6037014?
0
What is the ten thousands digit of 48851?
4
What is the tens digit of 12825?
2
What is the ten thousands digit of 612394?
1
What is the tens digit of 450329?
2
What is the thousands digit of 115841?
5
What is the ten thousands digit of 398842?
9
What is the ten thousands digit of 174234?
7
What is the hundreds digit of 2220519?
5
What is the hundreds digit of 1678972?
9
What is the ten thousands digit of 17493727?
9
What is the ten thousands digit of 7591238?
9
What is the ten millions digit of 32853968?
3
What is the thousands digit of 935117?
5
What is the hundred thousands digit of 9864392?
8
What is the millions digit of 2373422?
2
What is the ten thousands digit of 21081?
2
What is the thousands digit of 6336346?
6
What is the hundreds digit of 4033956?
9
What is the thousands digit of 20906?
0
What is the hundreds digit of 14305991?
9
What is the hundred thousands digit of 1005820?
0
What is the ten thousands digit of 789905?
8
What is the ten thousands digit of 107937?
0
What is the ten thousands digit of 1564928?
6
What is the hundreds digit of 2095578?
5
What is the thousands digit of 975358?
5
What is the units digit of 2408062?
2
What is the ten thousands digit of 1786773?
8
What is the thousands digit of 274007?
4
What is the ten thousands digit of 2842387?
4
What is the thousands digit of 522355?
2
What is the hundreds digit of 10913?
9
What is the hundred thousands digit of 1811369?
8
What